t of 1/b + j/26?
5
Suppose 20*d - 656113 = -30893. What is the ten thousands digit of d?
3
Suppose -2*l + 5*w - 1756 = -4*l, 2634 = 3*l + 5*w. Suppose 3*u - 7*u + 1736 = 4*n, -2*n - 4*u + l = 0. What is the hundreds digit of n?
4
Let t(r) = -r**3 - 44*r**2 - 6*r - 91. What is the hundreds digit of t(-47)?
8
Suppose -3*a = -5*d - 29 - 59, -5*a = -3*d - 120. Let y = a - 117. Let s = -23 - y. What is the units digit of s?
3
Let r = 18713 - 7305. What is the units digit of r?
8
Let x be 8 + -8*4/(-8). Let c(m) = -x*m - m**2 - 5*m + 8*m - 6 + 0. What is the units digit of c(-8)?
2
What is the units digit of (0 - -1)/(1 + 109340/(-109347))?
1
Let h = 10327 + 9435. What is the tens digit of h?
6
Suppose w + 5 = -4*w, -4*f + 5*w = -37. Suppose -n + 607 = -3*v, n - 4*v + f*v = 628. What is the units digit of n?
6
Suppose -4*t = -3227 - 809. Let o = t - 699. What is the units digit of o?
0
Let a(i) = -i**3 - 6*i**2 - 18*i - 86. Suppose -127 = 20*r + 113. What is the hundreds digit of a(r)?
9
Suppose -g = -6*g. Suppose g*u + 3*u = 435. Suppose -u = -4*s + 11. What is the units digit of s?
9
Let v(g) = -3*g - g**2 - 4*g - 16*g**3 + 8*g - 2 + 112*g**3. What is the units digit of v(2)?
4
Let t(u) = u**2 + 56. Suppose -4*s = -4*s - 3*s. Let q be t(s). Let m = q - 21. What is the units digit of m?
5
What is the units digit of (5 + 11)*(-10 + (-51012)/(-48))?
4
Suppose 9 - 10 = u. Let t be u/(2/(-4)) + 7 + -6. Suppose -c - n = -98, 3*c + n - t*n = 309. What is the tens digit of c?
0
Let i(w) = 1166*w + 518. What is the hundreds digit of i(3)?
0
Let s(t) = 29*t**2 - 1. Let q be s(1). Let i(o) = -o**2 - 10*o - 6. Let r be i(-10). What is the tens digit of (q/(-49))/(r/483)?
4
Let x = 45 - 44. Let s be 40/2*(-1 - x). What is the units digit of (-350)/s - 2/(-8)?
9
Let p(h) = 91*h - 37. Let l be p(1). Suppose 43*i = l*i - 15400. What is the hundreds digit of i?
4
Let m = -68 + 95. Suppose -2*h - m = -3. Let b = h - -30. What is the tens digit of b?
1
Suppose 0 = -0*o - o + 3*t + 3, 0 = 5*o + 2*t + 53. Let s(b) = b**2 - 10*b - 22. What is the tens digit of s(o)?
4
Suppose -5*j + 269 = -326. Let i = j - 59. What is the tens digit of (-48)/i*1665/(-6)?
2
Let k(f) = -53*f + 10754. What is the hundreds digit of k(-117)?
9
Let m(i) = 2*i**3 + 145*i**2 + 49*i - 156. What is the tens digit of m(-72)?
0
Let g(h) = 180*h**2 - 18*h + 14. Suppose 2*n - 10 = 2*y, -3*n + 11 = -2*n - 3*y. What is the tens digit of g(n)?
9
Suppose 5*s + 25*z = 24*z + 50, -2*s + 2*z = -32. Let d be (-7)/(-2) + (-1)/2. Suppose -3*y + s = f - 88, 0 = -d*f + 2*y + 264. What is the tens digit of f?
9
Let l(m) = 2*m**2 - 2*m + 1. Let h(g) = 12*g**2 + 189*g - 30. Let u(r) = h(r) - 3*l(r). What is the units digit of u(-33)?
6
Suppose 5*v = 3*l + 97542, 353*v = 354*v + 3*l - 19530. What is the tens digit of v?
1
Let r(z) = 64*z + 8917. What is the units digit of r(6)?
1
Let q(x) = 231*x**2 + 108*x - 18. What is the thousands digit of q(4)?
4
Let r be (-152)/8*6/3. Let c = 351 - r. What is the hundreds digit of c?
3
Let n = 74 + -15. Let u = n - -221. What is the units digit of u?
0
Suppose -266003 - 9714 = -24*a + 73555. What is the ten thousands digit of a?
1
What is the tens digit of (-52508)/(-10) - (-5)/(175/(-28))?
5
Let f = 595 + -311. Suppose 2*h = 3*h + 3*j - f, 3*j + 586 = 2*h. What is the hundreds digit of h?
2
Let v be (-3)/21 - (-22)/7. What is the hundreds digit of (-2)/(-7 + v) + (-479)/(-2)?
2
Let x(u) = -u**3 + u**2. Let v be x(-1). Suppose 122 - 486 = -v*g. Let y = 323 - g. What is the hundreds digit of y?
1
Let z = 20569 + -11794. What is the tens digit of z?
7
Suppose -8*g = -7*g - 1. Suppose 3*d = g - 4. What is the tens digit of -3 + (17 - -2) + d?
1
Suppose 14*s - 475912 = -21178. What is the ten thousands digit of s?
3
Suppose -22*m + 83556 = -156266. What is the ten thousands digit of m?
1
Suppose 65*j + 5415008 - 918696 = 141*j. What is the tens digit of j?
6
What is the units digit of -276645*100/150*(-9)/30?
9
Suppose i + 4*h - 25142 = 0, -4*i + 5*h = 14448 - 115121. What is the ten thousands digit of i?
2
Let a(w) = -670 - w + 5*w + 707 + w**3 - 5*w - 2*w**2. Let d be a(0). Suppose -d*j + 60 = -34*j. What is the units digit of j?
0
Let u = 785 + 1289. Suppose u = 3*s - s. What is the units digit of s?
7
Let y be (108 + 12)*34/4. Let f = -609 + y. What is the tens digit of f?
1
Let p(i) = 14*i**3 + 4*i**2 - 17*i + 63. What is the thousands digit of p(6)?
3
Suppose 1870*m = 1873*m - 17934. What is the units digit of m?
8
Let h = 127 - 125. Suppose 2*v - 4*t - 688 = 6*v, -h*v - 354 = -3*t. What is the tens digit of -4 + 3 - (1*v - -2)?
7
Suppose 0 = m - 5*d + 38, -3*d + 6*d = 12. What is the units digit of ((-15)/(-20))/(m/(-1776))?
4
Suppose -5*w = -2*c - 63, 3*c + 60 = -w - 43. Let z = 380 - c. What is the units digit of z?
4
Let l = -390 - -1785. Suppose -711 = -3*g - 3*d + 687, 0 = 3*g + 4*d - l. What is the tens digit of g?
6
Suppose -4*b = -4*p + 8440, -4*b + 10590 = 5*p + b. Suppose -4*i = -5*n + 2856, 138 = 4*n + 5*i - p. What is the units digit of n?
8
Let x be -3*(-43)/18 - 5/30. What is the tens digit of 2992/x - (-68)/119?
2
Let o = 59 + -1. Let t = -50 + o. Suppose -b + 1386 = t*b. What is the hundreds digit of b?
1
Let f = 30641 + -14775. What is the units digit of f?
6
Let v = 5041 + -4398. What is the tens digit of v?
4
Suppose -2*v - 7 - 3 = 0, -y + 2234 = 2*v. Suppose 5*c = 5*j + 2810, -3*j = -4*c - 0*j + y. What is the tens digit of c?
5
Let y = 88 + -89. Let k be (-2)/y*1110/60. Suppose -k*r + 35*r = -166. What is the tens digit of r?
8
Let d(n) = -n**3 - 8*n**2 - 104*n - 347. What is the hundreds digit of d(-36)?
6
Suppose -10*b = -11*b + 3. Suppose 7*z = b*z - 12. Let r(o) = -2*o**3 + 2*o**2 - 5*o - 6. What is the units digit of r(z)?
1
Let m = 55 + -170. Let p = m + 918. What is the tens digit of p?
0
Suppose 2*m = -12, 2*b + 34*m = 35*m + 7028. What is the hundreds digit of b?
5
What is the units digit of -10 - ((-3)/6 - (-89583)/(-6))?
1
Suppose 7*c - 10*c - 5*t + 800 = 0, -2*t = c - 265. Suppose 2470 = 5*k + c. What is the units digit of k?
9
Let q be -2 + ((-10)/(-3) - 4)*6. Let r be (-9)/q - (-20)/8. Suppose r*w + 61 = 1029. What is the hundreds digit of w?
2
Let n be 4/(-4)*3 - -5. Let r(v) = 3 + 9*v**n + v**3 - v**2 + 0*v - 15*v + 6*v**2. What is the units digit of r(-15)?
3
Let d = -18532 + 30991. What is the thousands digit of d?
2
Suppose 5*i - 23042 = 3*f, -61*i + 59*i - 5*f = -9223. What is the hundreds digit of i?
6
Let v(f) be the second derivative of f**3/2 - 7*f**2 + 4*f. Let i be v(7). Suppose -695 - 117 = -i*w. What is the tens digit of w?
1
Suppose -4*f - 16 + 52 = 0. Let p = 542 + 4. What is the units digit of p/f + 4/12?
1
Suppose 17*s - f + 635 = 20*s, -f - 4 = 0. Let j = 243 - s. What is the tens digit of j?
3
Let v = 49 - 31. Let z(i) = -i**2 + 19*i - 17. Let a be z(v). Suppose 3*b - n = 120, n + 4 - a = 0. What is the units digit of b?
9
Suppose -330*o + 263697 = -309*o. What is the tens digit of o?
5
Let o be ((-12)/(-8))/(24/304). Suppose -p + 37 - o = 0. What is the tens digit of p?
1
Let u(c) = -4*c**2 - 386*c + 71. What is the hundreds digit of u(-31)?
1
Let l(n) = -3*n - 29. Let o be l(-9). What is the tens digit of (23 + -24)*1406/o?
0
What is the tens digit of 47 - 41 - 2491*-1?
9
Let n(w) = 105*w**2 - 46*w + 146. What is the hundreds digit of n(-18)?
9
Let l(z) = 3*z**3 + 12*z**2 + 52*z - 261. What is the hundreds digit of l(12)?
2
What is the hundreds digit of ((-13)/(-5) - 1)/(-37*(-42)/42066780)?
3
Let t = 4718 + 2566. Suppose -14*b = -20*b + t. What is the tens digit of b?
1
What is the tens digit of 4/(-5) + -12 + 159698/35?
5
Suppose -21*p + 1601429 = 350*p - 12504362. What is the ten thousands digit of p?
3
Suppose 0 = 7*t - 7 - 98. What is the hundreds digit of (288/t)/(3/195)?
2
Suppose -6 = -g - 3*x, -3*g - 2*g + 5*x = -10. Suppose g*j = 6*j - 120. Suppose m = -7*m + j. What is the units digit of m?
5
Suppose 119*f + 27*f - 5938842 = 0. What is the hundreds digit of f?
6
Let t = 2974 - 6344. Let o = t + 4784. What is the hundreds digit of o?
4
Suppose -2*b - 93 = -3*y, -3*y = -6*y - 15. Let l = b - -56. Suppose l*c = 81 + 109. What is the units digit of c?
5
What is the hundreds digit of -12522*((25/(-2) - -7)